{"id":14468,"date":"2014-03-28T10:11:36","date_gmt":"2014-03-28T10:11:36","guid":{"rendered":"http:\/\/demo.qodeinteractive.com\/bridge\/?page_id=14468"},"modified":"2025-12-12T13:59:02","modified_gmt":"2025-12-12T11:59:02","slug":"home","status":"publish","type":"page","link":"https:\/\/berghotellangis.ch\/","title":{"rendered":"Home"},"content":{"rendered":"<p>[vc_row css_animation=&#8220;&#8220; row_type=&#8220;row&#8220; use_row_as_full_screen_section=&#8220;no&#8220; type=&#8220;grid&#8220; angled_section=&#8220;no&#8220; text_align=&#8220;left&#8220; background_image_as_pattern=&#8220;without_pattern&#8220; padding_top=&#8220;50&#8243; padding_bottom=&#8220;25&#8243;][vc_column][vc_column_text]<\/p>\n<h1 style=\"text-align: center;\">Willkommen im Langis<\/h1>\n<p style=\"text-align: center;\">&#8211; der Glaubenbergpass ist geschlossen, die Zufahrt von Sarnen ist m\u00f6glich &#8211;<\/p>\n<p>[\/vc_column_text][vc_separator type=&#8220;small&#8220; position=&#8220;center&#8220; up=&#8220;7&#8243; down=&#8220;38&#8243;][vc_column_text]<\/p>\n<h2 style=\"text-align: center;\">Das gem\u00fctliche Ausflugsziel auf dem Glaubenberg<\/h2>\n<p>[\/vc_column_text][vc_separator type=&#8220;transparent&#8220; up=&#8220;35&#8243; down=&#8220;22&#8243;][vc_single_image image=&#8220;17300&#8243; img_size=&#8220;large&#8220; alignment=&#8220;center&#8220; qode_css_animation=&#8220;element_from_bottom&#8220; transition_delay=&#8220;0.3&#8243;][vc_separator type=&#8220;transparent&#8220; up=&#8220;35&#8243; down=&#8220;22&#8243;][vc_column_text]<\/p>\n<h4 style=\"text-align: center;\">Im Herzen der Schweiz im sch\u00f6nen Obwaldnerland auf 1450 m \u00fc. M. liegt das Berghotel Langis. Wir befinden uns unterhalb des Glaubenbergpasses 30 km entfernt von Luzern. Via Sarnen erreichen Sie uns in 40 Minuten. Sie haben im Sommer die Gelegenheit Ihre Fahrt \u00fcber den Pass fortzusetzen und das nationale Biosp\u00e4hrenreservat Entlebuch zu erleben.<\/h4>\n<p>[\/vc_column_text][vc_separator type=&#8220;transparent&#8220; up=&#8220;15&#8243; down=&#8220;0&#8243;][vc_column_text]<\/p>\n<h4 style=\"text-align: center;\">Wir sind ein junges, aufgestelltes Team und manchmal sind wir durchaus etwas verr\u00fcckt, nichts desto trotz, wir freuen uns, Sie bei uns im Berghotel Langis als Gast begr\u00fcssen zu d\u00fcrfen.<\/h4>\n<p>&nbsp;<\/p>\n<h4 style=\"text-align: center;\">Wir pflegen im Langis die &#8222;Du Kultur&#8220; und duzen alle G\u00e4ste, Arbeitskollegen und auch den Chef (Knigge-Regel oberhalb von 1000 m. \u00fc. M).<\/h4>\n<p>[\/vc_column_text][\/vc_column][\/vc_row][vc_row css_animation=&#8220;&#8220; row_type=&#8220;row&#8220; use_row_as_full_screen_section=&#8220;no&#8220; type=&#8220;full_width&#8220; angled_section=&#8220;no&#8220; text_align=&#8220;left&#8220; background_image_as_pattern=&#8220;without_pattern&#8220; padding_bottom=&#8220;25&#8243;][vc_column][vc_column_text][\/vc_column_text][vc_column_text]<\/p>\n<h2 style=\"text-align: center;\">Unsere \u00d6ffnungszeiten<\/h2>\n<h3 style=\"text-align: center;\">365 Tage im Jahr f\u00fcr Sie ge\u00f6ffnet!<\/h3>\n<p style=\"text-align: center;\">am 24.12.25 machen wir um 15:00 etwas fr\u00fcher Schluss \ud83d\ude42<\/p>\n<p>[\/vc_column_text][vc_separator type=&#8220;small&#8220; position=&#8220;center&#8220;][vc_column_text]<\/p>\n<h2 style=\"text-align: center;\">Restaurant<\/h2>\n<h4 style=\"text-align: center;\">Unser Restaurant ist T\u00e4glich ab 8:00 f\u00fcr Sie ge\u00f6ffnet<\/h4>\n<p>&nbsp;<\/p>\n<h2 style=\"text-align: center;\">K\u00fcche<\/h2>\n<h4 style=\"text-align: center;\">So &#8211; Do durchgehend warme K\u00fcche von 11:00-18:00<br \/>\nFr und Sa von 11:00-19:00<\/h4>\n<h4 style=\"text-align: center;\"><\/h4>\n<h4 style=\"text-align: center;\">Bei Hotel-Reservationen weichen unsere \u00d6ffnungszeiten ab und wir haben l\u00e4nger ge\u00f6ffnet!<\/h4>\n<h4 style=\"text-align: center;\"><\/h4>\n<h4 style=\"text-align: center;\">Wir \u00f6ffnen auf Anfrage auch ausserhalb unserer \u00d6ffnungszeiten bei Gruppen ab 10 Personen. Bitte nehmen Sie ungeniert Kontakt mit uns auf.<\/h4>\n<h4 style=\"text-align: center;\"><\/h4>\n<p>[\/vc_column_text][\/vc_column][\/vc_row][vc_row css_animation=&#8220;&#8220; row_type=&#8220;row&#8220; use_row_as_full_screen_section=&#8220;no&#8220; type=&#8220;full_width&#8220; angled_section=&#8220;no&#8220; text_align=&#8220;left&#8220; background_image_as_pattern=&#8220;without_pattern&#8220; background_color=&#8220;#ffffff&#8220; padding_top=&#8220;25&#8243; padding_bottom=&#8220;25&#8243;][vc_column][vc_column_text]<\/p>\n<h2 style=\"text-align: center;\">Was wir Ihnen bieten<\/h2>\n<p>[\/vc_column_text][vc_separator type=&#8220;small&#8220; position=&#8220;center&#8220;][vc_row_inner row_type=&#8220;row&#8220; type=&#8220;grid&#8220; text_align=&#8220;left&#8220; css_animation=&#8220;&#8220;][vc_column_inner width=&#8220;1\/3&#8243;]<div class=\"q_icon_list\"><i class=\"qode_icon_font_awesome fa fa-hand-o-right qode-ili-icon-holder transparent\" style=\"color: #376e94;\" ><\/i><p style=\"\">230 Sitzpl\u00e4tze<\/p><\/div><div class=\"q_icon_list\"><i class=\"qode_icon_font_awesome fa fa-hand-o-right qode-ili-icon-holder transparent\" style=\"color: #376e94;\" ><\/i><p style=\"\">Obwaldner Spezialit\u00e4ten<\/p><\/div><div class=\"q_icon_list\"><i class=\"qode_icon_font_awesome fa fa-hand-o-right qode-ili-icon-holder transparent\" style=\"color: #376e94;\" ><\/i><p style=\"\">Rollstuhlg\u00e4ngige Toilette<\/p><\/div>[\/vc_column_inner][vc_column_inner width=&#8220;1\/3&#8243;]<div class=\"q_icon_list\"><i class=\"qode_icon_font_awesome fa fa-hand-o-right qode-ili-icon-holder transparent\" style=\"color: #376e94;\" ><\/i><p style=\"\">Lift<\/p><\/div><div class=\"q_icon_list\"><i class=\"qode_icon_font_awesome fa fa-hand-o-right qode-ili-icon-holder transparent\" style=\"color: #376e94;\" ><\/i><p style=\"\">Sonnenterrasse f\u00fcr 250 Personen<\/p><\/div><div class=\"q_icon_list\"><i class=\"qode_icon_font_awesome fa fa-hand-o-right qode-ili-icon-holder transparent\" style=\"color: #376e94;\" ><\/i><p style=\"\">Wellness-Anlage<\/p><\/div>[\/vc_column_inner][vc_column_inner width=&#8220;1\/3&#8243;]<div class=\"q_icon_list\"><i class=\"qode_icon_font_awesome fa fa-hand-o-right qode-ili-icon-holder transparent\" style=\"color: #376e94;\" ><\/i><p style=\"\">Duschen und Umkleideraum<\/p><\/div><div class=\"q_icon_list\"><i class=\"qode_icon_font_awesome fa fa-hand-o-right qode-ili-icon-holder transparent\" style=\"color: #376e94;\" ><\/i><p style=\"\">Kinderzimmer<\/p><\/div><div class=\"q_icon_list\"><i class=\"qode_icon_font_awesome fa fa-hand-o-right qode-ili-icon-holder transparent\" style=\"color: #376e94;\" ><\/i><p style=\"\">Spielplatz<\/p><\/div>[\/vc_column_inner][\/vc_row_inner][vc_empty_space][\/vc_column][\/vc_row][vc_column][\/vc_column][vc_row css_animation=&#8220;&#8220; row_type=&#8220;row&#8220; use_row_as_full_screen_section=&#8220;no&#8220; type=&#8220;full_width&#8220; angled_section=&#8220;no&#8220; text_align=&#8220;left&#8220; background_image_as_pattern=&#8220;without_pattern&#8220;][vc_column][vc_single_image image=&#8220;17302&#8243; img_size=&#8220;large&#8220; alignment=&#8220;center&#8220; qode_css_animation=&#8220;&#8220;][vc_empty_space][\/vc_column][\/vc_row]<\/p>\n","protected":false},"excerpt":{"rendered":"<p>[vc_row css_animation=&#8220;&#8220; row_type=&#8220;row&#8220; use_row_as_full_screen_section=&#8220;no&#8220; type=&#8220;grid&#8220; angled_section=&#8220;no&#8220; text_align=&#8220;left&#8220; background_image_as_pattern=&#8220;without_pattern&#8220; padding_top=&#8220;50&#8243; padding_bottom=&#8220;25&#8243;][vc_column][vc_column_text]&#8230;<\/p>\n","protected":false},"author":3,"featured_media":0,"parent":0,"menu_order":0,"comment_status":"open","ping_status":"closed","template":"full_width.php","meta":{"footnotes":""},"class_list":["post-14468","page","type-page","status-publish","hentry"],"_links":{"self":[{"href":"https:\/\/berghotellangis.ch\/index.php?rest_route=\/wp\/v2\/pages\/14468"}],"collection":[{"href":"https:\/\/berghotellangis.ch\/index.php?rest_route=\/wp\/v2\/pages"}],"about":[{"href":"https:\/\/berghotellangis.ch\/index.php?rest_route=\/wp\/v2\/types\/page"}],"author":[{"embeddable":true,"href":"https:\/\/berghotellangis.ch\/index.php?rest_route=\/wp\/v2\/users\/3"}],"replies":[{"embeddable":true,"href":"https:\/\/berghotellangis.ch\/index.php?rest_route=%2Fwp%2Fv2%2Fcomments&post=14468"}],"version-history":[{"count":249,"href":"https:\/\/berghotellangis.ch\/index.php?rest_route=\/wp\/v2\/pages\/14468\/revisions"}],"predecessor-version":[{"id":17365,"href":"https:\/\/berghotellangis.ch\/index.php?rest_route=\/wp\/v2\/pages\/14468\/revisions\/17365"}],"wp:attachment":[{"href":"https:\/\/berghotellangis.ch\/index.php?rest_route=%2Fwp%2Fv2%2Fmedia&parent=14468"}],"curies":[{"name":"wp","href":"https:\/\/api.w.org\/{rel}","templated":true}]}}

<p>[vc_row css_animation=&#8220;&#8220; row_type=&#8220;row&#8220; use_row_as_full_screen_section=&#8220;no&#8220; type=&#8220;grid&#8220; angled_section=&#8220;no&#8220; text_align=&#8220;left&#8220; background_image_as_pattern=&#8220;without_pattern&#8220; padding_top=&#8220;50&#8243; padding_bottom=&#8220;25&#8243;][vc_column][vc_column_text]</p>
<h1 style="text-align: center;">Willkommen im Langis</h1>
<p style="text-align: center;">&#8211; der Glaubenbergpass ist geschlossen, die Zufahrt von Sarnen ist möglich &#8211;</p>
<p>[/vc_column_text][vc_separator type=&#8220;small&#8220; position=&#8220;center&#8220; up=&#8220;7&#8243; down=&#8220;38&#8243;][vc_column_text]</p>
<h2 style="text-align: center;">Das gemütliche Ausflugsziel auf dem Glaubenberg</h2>
<p>[/vc_column_text][vc_separator type=&#8220;transparent&#8220; up=&#8220;35&#8243; down=&#8220;22&#8243;][vc_single_image image=&#8220;17300&#8243; img_size=&#8220;large&#8220; alignment=&#8220;center&#8220; qode_css_animation=&#8220;element_from_bottom&#8220; transition_delay=&#8220;0.3&#8243;][vc_separator type=&#8220;transparent&#8220; up=&#8220;35&#8243; down=&#8220;22&#8243;][vc_column_text]</p>
<h4 style="text-align: center;">Im Herzen der Schweiz im schönen Obwaldnerland auf 1450 m ü. M. liegt das Berghotel Langis. Wir befinden uns unterhalb des Glaubenbergpasses 30 km entfernt von Luzern. Via Sarnen erreichen Sie uns in 40 Minuten. Sie haben im Sommer die Gelegenheit Ihre Fahrt über den Pass fortzusetzen und das nationale Biospährenreservat Entlebuch zu erleben.</h4>
<p>[/vc_column_text][vc_separator type=&#8220;transparent&#8220; up=&#8220;15&#8243; down=&#8220;0&#8243;][vc_column_text]</p>
<h4 style="text-align: center;">Wir sind ein junges, aufgestelltes Team und manchmal sind wir durchaus etwas verrückt, nichts desto trotz, wir freuen uns, Sie bei uns im Berghotel Langis als Gast begrüssen zu dürfen.</h4>
<p>&nbsp;</p>
<h4 style="text-align: center;">Wir pflegen im Langis die &#8222;Du Kultur&#8220; und duzen alle Gäste, Arbeitskollegen und auch den Chef (Knigge-Regel oberhalb von 1000 m. ü. M).</h4>
<p>[/vc_column_text][/vc_column][/vc_row][vc_row css_animation=&#8220;&#8220; row_type=&#8220;row&#8220; use_row_as_full_screen_section=&#8220;no&#8220; type=&#8220;full_width&#8220; angled_section=&#8220;no&#8220; text_align=&#8220;left&#8220; background_image_as_pattern=&#8220;without_pattern&#8220; padding_bottom=&#8220;25&#8243;][vc_column][vc_column_text][/vc_column_text][vc_column_text]</p>
<h2 style="text-align: center;">Unsere Öffnungszeiten</h2>
<h3 style="text-align: center;">365 Tage im Jahr für Sie geöffnet!</h3>
<p style="text-align: center;">am 24.12.25 machen wir um 15:00 etwas früher Schluss 🙂</p>
<p>[/vc_column_text][vc_separator type=&#8220;small&#8220; position=&#8220;center&#8220;][vc_column_text]</p>
<h2 style="text-align: center;">Restaurant</h2>
<h4 style="text-align: center;">Unser Restaurant ist Täglich ab 8:00 für Sie geöffnet</h4>
<p>&nbsp;</p>
<h2 style="text-align: center;">Küche</h2>
<h4 style="text-align: center;">So &#8211; Do durchgehend warme Küche von 11:00-18:00<br />
Fr und Sa von 11:00-19:00</h4>
<h4 style="text-align: center;"></h4>
<h4 style="text-align: center;">Bei Hotel-Reservationen weichen unsere Öffnungszeiten ab und wir haben länger geöffnet!</h4>
<h4 style="text-align: center;"></h4>
<h4 style="text-align: center;">Wir öffnen auf Anfrage auch ausserhalb unserer Öffnungszeiten bei Gruppen ab 10 Personen. Bitte nehmen Sie ungeniert Kontakt mit uns auf.</h4>
<h4 style="text-align: center;"></h4>
<p>[/vc_column_text][/vc_column][/vc_row][vc_row css_animation=&#8220;&#8220; row_type=&#8220;row&#8220; use_row_as_full_screen_section=&#8220;no&#8220; type=&#8220;full_width&#8220; angled_section=&#8220;no&#8220; text_align=&#8220;left&#8220; background_image_as_pattern=&#8220;without_pattern&#8220; background_color=&#8220;#ffffff&#8220; padding_top=&#8220;25&#8243; padding_bottom=&#8220;25&#8243;][vc_column][vc_column_text]</p>
<h2 style="text-align: center;">Was wir Ihnen bieten</h2>
<p>[/vc_column_text][vc_separator type=&#8220;small&#8220; position=&#8220;center&#8220;][vc_row_inner row_type=&#8220;row&#8220; type=&#8220;grid&#8220; text_align=&#8220;left&#8220; css_animation=&#8220;&#8220;][vc_column_inner width=&#8220;1/3&#8243;]<div class="q_icon_list"><i class="qode_icon_font_awesome fa fa-hand-o-right qode-ili-icon-holder transparent" style="color: #376e94;" ></i><p style="">230 Sitzplätze</p></div><div class="q_icon_list"><i class="qode_icon_font_awesome fa fa-hand-o-right qode-ili-icon-holder transparent" style="color: #376e94;" ></i><p style="">Obwaldner Spezialitäten</p></div><div class="q_icon_list"><i class="qode_icon_font_awesome fa fa-hand-o-right qode-ili-icon-holder transparent" style="color: #376e94;" ></i><p style="">Rollstuhlgängige Toilette</p></div>[/vc_column_inner][vc_column_inner width=&#8220;1/3&#8243;]<div class="q_icon_list"><i class="qode_icon_font_awesome fa fa-hand-o-right qode-ili-icon-holder transparent" style="color: #376e94;" ></i><p style="">Lift</p></div><div class="q_icon_list"><i class="qode_icon_font_awesome fa fa-hand-o-right qode-ili-icon-holder transparent" style="color: #376e94;" ></i><p style="">Sonnenterrasse für 250 Personen</p></div><div class="q_icon_list"><i class="qode_icon_font_awesome fa fa-hand-o-right qode-ili-icon-holder transparent" style="color: #376e94;" ></i><p style="">Wellness-Anlage</p></div>[/vc_column_inner][vc_column_inner width=&#8220;1/3&#8243;]<div class="q_icon_list"><i class="qode_icon_font_awesome fa fa-hand-o-right qode-ili-icon-holder transparent" style="color: #376e94;" ></i><p style="">Duschen und Umkleideraum</p></div><div class="q_icon_list"><i class="qode_icon_font_awesome fa fa-hand-o-right qode-ili-icon-holder transparent" style="color: #376e94;" ></i><p style="">Kinderzimmer</p></div><div class="q_icon_list"><i class="qode_icon_font_awesome fa fa-hand-o-right qode-ili-icon-holder transparent" style="color: #376e94;" ></i><p style="">Spielplatz</p></div>[/vc_column_inner][/vc_row_inner][vc_empty_space][/vc_column][/vc_row][vc_column][/vc_column][vc_row css_animation=&#8220;&#8220; row_type=&#8220;row&#8220; use_row_as_full_screen_section=&#8220;no&#8220; type=&#8220;full_width&#8220; angled_section=&#8220;no&#8220; text_align=&#8220;left&#8220; background_image_as_pattern=&#8220;without_pattern&#8220;][vc_column][vc_single_image image=&#8220;17302&#8243; img_size=&#8220;large&#8220; alignment=&#8220;center&#8220; qode_css_animation=&#8220;&#8220;][vc_empty_space][/vc_column][/vc_row]</p>
