{"id":15183,"date":"2015-03-12T18:20:33","date_gmt":"2015-03-12T16:20:33","guid":{"rendered":"http:\/\/192.168.1.39\/wordpress\/?page_id=15183"},"modified":"2020-05-09T09:59:43","modified_gmt":"2020-05-09T07:59:43","slug":"restaurant-2","status":"publish","type":"page","link":"https:\/\/berghotellangis.ch\/?page_id=15183","title":{"rendered":"Hotel"},"content":{"rendered":"<p>[vc_row css_animation=&#8220;&#8220; row_type=&#8220;row&#8220; use_row_as_full_screen_section=&#8220;no&#8220; type=&#8220;grid&#8220; angled_section=&#8220;no&#8220; text_align=&#8220;left&#8220; background_image_as_pattern=&#8220;without_pattern&#8220; background_color=&#8220;#ffffff&#8220; padding_bottom=&#8220;30&#8243;][vc_column][vc_accordion style=&#8220;accordion&#8220;][vc_accordion_tab title=&#8220;Essen und Trinken&#8220;][vc_column_text]Das in Obwalden gelegene Berghotel bietet Ihnen eine Aussichtsterrasse mit bezaubernder Sicht auf das eindrucksvolle Alpenpanorama. Lassen Sie sich von unserer K\u00fcche genauso verw\u00f6hnen, wie Sie von der bezaubernden Natur des Glaubenbergs verw\u00f6hnt werden. Um Foodwaste zu vermeiden, werden unsere Gerichte t\u00e4glich frisch mit viel Liebe f\u00fcr Sie zubereitet. Deshalb bitten wir Sie um Verst\u00e4ndnis, dass es zu einer Wartezeit f\u00fchren kann. Wir legen grossen Wert darauf, wenn m\u00f6glich, saisonale und Schweizer Lebensmittel zu verarbeiten.<\/p>\n<p>&nbsp;<\/p>\n<p>[\/vc_column_text][\/vc_accordion_tab][vc_accordion_tab title=&#8220;FULLY RESPONSIVE WORDPRESS THEME&#8220;][vc_column_text]Claritas est etiam processus dynamicus, qui sequitur mutationem consuetudium lectorum. Mirum est notare quam littera gothica, quam nunc putamus parum claram, anteposuerit litterarum formas humanitatis per seacula quarta decima et quinta decima.[\/vc_column_text][\/vc_accordion_tab][vc_accordion_tab title=&#8220;AMAZING PARALLAX SCROLL PAGE&#8220;][vc_column_text]Claritas est etiam processus dynamicus, qui sequitur mutationem consuetudium lectorum. Mirum est notare quam littera gothica, quam nunc putamus parum claram, anteposuerit litterarum formas humanitatis per seacula quarta decima et quinta decima.[\/vc_column_text][\/vc_accordion_tab][vc_accordion_tab title=&#8220;PERFECT BLOG PLATFORM&#8220;][vc_column_text]Claritas est etiam processus dynamicus, qui sequitur mutationem consuetudium lectorum. Mirum est notare quam littera gothica, quam nunc putamus parum claram, anteposuerit litterarum formas humanitatis per seacula quarta decima et quinta decima.[\/vc_column_text][\/vc_accordion_tab][vc_accordion_tab][\/vc_accordion_tab][\/vc_accordion][vc_separator type=&#8220;transparent&#8220; up=&#8220;60&#8243; down=&#8220;0&#8243;][\/vc_column][\/vc_row]<\/p>\n","protected":false},"excerpt":{"rendered":"<p>[vc_row css_animation=&#8220;&#8220; row_type=&#8220;row&#8220; use_row_as_full_screen_section=&#8220;no&#8220; type=&#8220;grid&#8220; angled_section=&#8220;no&#8220; text_align=&#8220;left&#8220; background_image_as_pattern=&#8220;without_pattern&#8220; background_color=&#8220;#ffffff&#8220; padding_bottom=&#8220;30&#8243;][vc_column][vc_accordion&#8230;<\/p>\n","protected":false},"author":3,"featured_media":0,"parent":0,"menu_order":0,"comment_status":"open","ping_status":"closed","template":"","meta":{"footnotes":""},"class_list":["post-15183","page","type-page","status-publish","hentry"],"_links":{"self":[{"href":"https:\/\/berghotellangis.ch\/index.php?rest_route=\/wp\/v2\/pages\/15183"}],"collection":[{"href":"https:\/\/berghotellangis.ch\/index.php?rest_route=\/wp\/v2\/pages"}],"about":[{"href":"https:\/\/berghotellangis.ch\/index.php?rest_route=\/wp\/v2\/types\/page"}],"author":[{"embeddable":true,"href":"https:\/\/berghotellangis.ch\/index.php?rest_route=\/wp\/v2\/users\/3"}],"replies":[{"embeddable":true,"href":"https:\/\/berghotellangis.ch\/index.php?rest_route=%2Fwp%2Fv2%2Fcomments&post=15183"}],"version-history":[{"count":15,"href":"https:\/\/berghotellangis.ch\/index.php?rest_route=\/wp\/v2\/pages\/15183\/revisions"}],"predecessor-version":[{"id":17204,"href":"https:\/\/berghotellangis.ch\/index.php?rest_route=\/wp\/v2\/pages\/15183\/revisions\/17204"}],"wp:attachment":[{"href":"https:\/\/berghotellangis.ch\/index.php?rest_route=%2Fwp%2Fv2%2Fmedia&parent=15183"}],"curies":[{"name":"wp","href":"https:\/\/api.w.org\/{rel}","templated":true}]}}

<p>[vc_row css_animation=&#8220;&#8220; row_type=&#8220;row&#8220; use_row_as_full_screen_section=&#8220;no&#8220; type=&#8220;grid&#8220; angled_section=&#8220;no&#8220; text_align=&#8220;left&#8220; background_image_as_pattern=&#8220;without_pattern&#8220; background_color=&#8220;#ffffff&#8220; padding_bottom=&#8220;30&#8243;][vc_column][vc_accordion style=&#8220;accordion&#8220;][vc_accordion_tab title=&#8220;Essen und Trinken&#8220;][vc_column_text]Das in Obwalden gelegene Berghotel bietet Ihnen eine Aussichtsterrasse mit bezaubernder Sicht auf das eindrucksvolle Alpenpanorama. Lassen Sie sich von unserer Küche genauso verwöhnen, wie Sie von der bezaubernden Natur des Glaubenbergs verwöhnt werden. Um Foodwaste zu vermeiden, werden unsere Gerichte täglich frisch mit viel Liebe für Sie zubereitet. Deshalb bitten wir Sie um Verständnis, dass es zu einer Wartezeit führen kann. Wir legen grossen Wert darauf, wenn möglich, saisonale und Schweizer Lebensmittel zu verarbeiten.</p>
<p>&nbsp;</p>
<p>[/vc_column_text][/vc_accordion_tab][vc_accordion_tab title=&#8220;FULLY RESPONSIVE WORDPRESS THEME&#8220;][vc_column_text]Claritas est etiam processus dynamicus, qui sequitur mutationem consuetudium lectorum. Mirum est notare quam littera gothica, quam nunc putamus parum claram, anteposuerit litterarum formas humanitatis per seacula quarta decima et quinta decima.[/vc_column_text][/vc_accordion_tab][vc_accordion_tab title=&#8220;AMAZING PARALLAX SCROLL PAGE&#8220;][vc_column_text]Claritas est etiam processus dynamicus, qui sequitur mutationem consuetudium lectorum. Mirum est notare quam littera gothica, quam nunc putamus parum claram, anteposuerit litterarum formas humanitatis per seacula quarta decima et quinta decima.[/vc_column_text][/vc_accordion_tab][vc_accordion_tab title=&#8220;PERFECT BLOG PLATFORM&#8220;][vc_column_text]Claritas est etiam processus dynamicus, qui sequitur mutationem consuetudium lectorum. Mirum est notare quam littera gothica, quam nunc putamus parum claram, anteposuerit litterarum formas humanitatis per seacula quarta decima et quinta decima.[/vc_column_text][/vc_accordion_tab][vc_accordion_tab][/vc_accordion_tab][/vc_accordion][vc_separator type=&#8220;transparent&#8220; up=&#8220;60&#8243; down=&#8220;0&#8243;][/vc_column][/vc_row]</p>
