{"id":15903,"date":"2015-06-16T13:25:04","date_gmt":"2015-06-16T11:25:04","guid":{"rendered":"http:\/\/www.berghotellangis.ch\/new\/?page_id=15903"},"modified":"2021-07-14T12:22:22","modified_gmt":"2021-07-14T10:22:22","slug":"sommer","status":"publish","type":"page","link":"https:\/\/berghotellangis.ch\/?page_id=15903","title":{"rendered":"Sommer"},"content":{"rendered":"<p>[vc_row css_animation=&#8220;&#8220; row_type=&#8220;row&#8220; use_row_as_full_screen_section=&#8220;no&#8220; type=&#8220;full_width&#8220; angled_section=&#8220;no&#8220; text_align=&#8220;left&#8220; background_image_as_pattern=&#8220;without_pattern&#8220; padding_top=&#8220;15&#8243; padding_bottom=&#8220;30&#8243;][vc_column][vc_column_text]<\/p>\n<h1 style=\"text-align: center;\">Im Sommer k\u00f6nnen Sie bei uns&#8230;<\/h1>\n<p>[\/vc_column_text][vc_separator type=&#8220;small&#8220; position=&#8220;center&#8220;][vc_column_text]<\/p>\n<h4 style=\"text-align: center;\">&#8230; spazieren, wandern, biken, grillieren, Pilze suchen und vieles mehr.<\/h4>\n<p>[\/vc_column_text][\/vc_column][\/vc_row][vc_row css_animation=&#8220;&#8220; row_type=&#8220;row&#8220; use_row_as_full_screen_section=&#8220;no&#8220; type=&#8220;full_width&#8220; angled_section=&#8220;no&#8220; text_align=&#8220;left&#8220; background_image_as_pattern=&#8220;without_pattern&#8220;][vc_column][vc_gallery type=&#8220;image_grid&#8220; images=&#8220;15969,15970,15971,15972,15973,15974,15975,15976,15977&#8243; img_size=&#8220;full&#8220; column_number=&#8220;3&#8243; grayscale=&#8220;yes&#8220; images_space=&#8220;gallery_without_space&#8220;][\/vc_column][\/vc_row][vc_row css_animation=&#8220;&#8220; row_type=&#8220;row&#8220; use_row_as_full_screen_section=&#8220;no&#8220; type=&#8220;full_width&#8220; angled_section=&#8220;no&#8220; text_align=&#8220;left&#8220; background_image_as_pattern=&#8220;without_pattern&#8220; padding_top=&#8220;15&#8243; padding_bottom=&#8220;15&#8243;][vc_column][vc_column_text]Landschaftsbilder Martin Meier[\/vc_column_text][vc_empty_space][\/vc_column][\/vc_row][vc_row css_animation=&#8220;&#8220; row_type=&#8220;row&#8220; use_row_as_full_screen_section=&#8220;no&#8220; type=&#8220;full_width&#8220; angled_section=&#8220;no&#8220; text_align=&#8220;left&#8220; background_image_as_pattern=&#8220;without_pattern&#8220; padding_top=&#8220;25&#8243; padding_bottom=&#8220;25&#8243;][vc_column width=&#8220;1\/2&#8243;][vc_column_text]<\/p>\n<h4>Der grosse Parkplatz beim Berghotel Langis ist der Ausgangspunkt f\u00fcr viele atemberaubende Wanderungen.<\/h4>\n<p>[\/vc_column_text][vc_row_inner row_type=&#8220;row&#8220; type=&#8220;full_width&#8220; text_align=&#8220;left&#8220; css_animation=&#8220;&#8220;][vc_column_inner][vc_column_text]<\/p>\n<p>[\/vc_column_text][\/vc_column_inner][vc_column_inner][vc_empty_space][\/vc_column_inner][\/vc_row_inner][vc_column_text]<\/p>\n<h2><\/h2>\n<h2><\/h2>\n<h2>Moorb\u00e4rpfad<\/h2>\n<p>Geniessen Sie Ihren Aufenthalt in der Moorlandschaft Glaubenberg.<br \/>\nDer Moorb\u00e4er wird Sie auf Ihrer Entdeckungsreise begleiten&#8230;<\/p>\n<p><a href=\"http:\/\/www.moorbaerpfad.ch\" target=\"_blank\" rel=\"noopener noreferrer\">Zum Moorb\u00e4rpfad<\/a>[\/vc_column_text][\/vc_column][vc_column width=&#8220;1\/2&#8243;][vc_single_image image=&#8220;16285&#8243; img_size=&#8220;medium&#8220; onclick=&#8220;custom_link&#8220; img_link_target=&#8220;_blank&#8220; qode_css_animation=&#8220;&#8220; link=&#8220;http:\/\/moorbaerpfad.ch&#8220;][\/vc_column][\/vc_row][vc_row css_animation=&#8220;&#8220; row_type=&#8220;row&#8220; use_row_as_full_screen_section=&#8220;no&#8220; type=&#8220;full_width&#8220; angled_section=&#8220;no&#8220; text_align=&#8220;left&#8220; background_image_as_pattern=&#8220;without_pattern&#8220;][vc_column width=&#8220;1\/2&#8243;][vc_column_text][\/vc_column_text][vc_row_inner row_type=&#8220;row&#8220; type=&#8220;full_width&#8220; text_align=&#8220;left&#8220; css_animation=&#8220;&#8220;][vc_column_inner][vc_column_text]<\/p>\n<h2>Langis &#8211; J\u00e4nzi &#8211; J\u00e4nzitrail<\/h2>\n<p>Die beliebte Rundtour vom Langis auf das J\u00e4nzi und wieder zur\u00fcck zu uns. Geniessen Sie die eindr\u00fcckliche Landschaft egal zu welcher Jahreszeit und Geheimtipp! Tourendetails finden Sie <a href=\"https:\/\/www.obwalden-tourismus.ch\/de\/detail\/poitype\/outdooractivetour\/poi\/jaenzi-panorama-trail\/\">hier<\/a>.[\/vc_column_text][vc_empty_space][vc_column_text]<\/p>\n<h2>Langis &#8211; F\u00fcrstein<\/h2>\n<p>Eine wundersch\u00f6ne Rundwanderung vom Langis auf den grossen F\u00fcrstein und zur\u00fcck. Genauere Info&#8217;s finden sie<a href=\"https:\/\/www.obwalden-tourismus.ch\/de\/detail\/poitype\/outdooractivetour\/poi\/fuerstein-langis-1\/\"> hier.<\/a>[\/vc_column_text][vc_empty_space][\/vc_column_inner][vc_column_inner][\/vc_column_inner][\/vc_row_inner][vc_row_inner row_type=&#8220;row&#8220; type=&#8220;full_width&#8220; text_align=&#8220;left&#8220; css_animation=&#8220;&#8220;][vc_column_inner][vc_column_text]<\/p>\n<h2>Langis &#8211; Miesenstock &#8211; Langis<\/h2>\n<p>Ein Geheimtipp unter den Wanderer, wunderbare Aussicht auf die umliegende Bergwelt, genauere Details zur Route finden Sie <a href=\"https:\/\/www.obwalden-tourismus.ch\/de\/detail\/poitype\/outdooractivetour\/poi\/langis-miesenstock-langis\/\">hier.\u00a0<\/a>[\/vc_column_text][vc_empty_space][\/vc_column_inner][\/vc_row_inner][vc_row_inner row_type=&#8220;row&#8220; type=&#8220;full_width&#8220; text_align=&#8220;left&#8220; css_animation=&#8220;&#8220;][vc_column_inner][vc_column_text]<\/p>\n<h2>Obwaldner H\u00f6henweg Langis &#8211; Pilatus<\/h2>\n<p>Der beliebte Obwaldner H\u00f6henweg f\u00fchrt auch beim Langis vorbei. Das beliebte Teilst\u00fcck Langis &#8211; Pilatus ist eine l\u00e4ngere Strecke, man wird aber mit einer atemberaubenden Aussicht belohnt. Tourendetails findest du <a href=\"https:\/\/www.obwalden-tourismus.ch\/de\/detail\/poitype\/outdooractivetour\/poi\/hoehenroute-langis-pilatus\/\">hier.\u00a0<\/a>[\/vc_column_text][vc_empty_space][\/vc_column_inner][\/vc_row_inner][vc_empty_space][vc_empty_space][\/vc_column][vc_column width=&#8220;1\/2&#8243;][\/vc_column][\/vc_row]<\/p>\n","protected":false},"excerpt":{"rendered":"<p>[vc_row css_animation=&#8220;&#8220; row_type=&#8220;row&#8220; use_row_as_full_screen_section=&#8220;no&#8220; type=&#8220;full_width&#8220; angled_section=&#8220;no&#8220; text_align=&#8220;left&#8220; background_image_as_pattern=&#8220;without_pattern&#8220; padding_top=&#8220;15&#8243; padding_bottom=&#8220;30&#8243;][vc_column][vc_column_text]&#8230;<\/p>\n","protected":false},"author":3,"featured_media":0,"parent":15901,"menu_order":0,"comment_status":"open","ping_status":"closed","template":"","meta":{"footnotes":""},"class_list":["post-15903","page","type-page","status-publish","hentry"],"_links":{"self":[{"href":"https:\/\/berghotellangis.ch\/index.php?rest_route=\/wp\/v2\/pages\/15903"}],"collection":[{"href":"https:\/\/berghotellangis.ch\/index.php?rest_route=\/wp\/v2\/pages"}],"about":[{"href":"https:\/\/berghotellangis.ch\/index.php?rest_route=\/wp\/v2\/types\/page"}],"author":[{"embeddable":true,"href":"https:\/\/berghotellangis.ch\/index.php?rest_route=\/wp\/v2\/users\/3"}],"replies":[{"embeddable":true,"href":"https:\/\/berghotellangis.ch\/index.php?rest_route=%2Fwp%2Fv2%2Fcomments&post=15903"}],"version-history":[{"count":55,"href":"https:\/\/berghotellangis.ch\/index.php?rest_route=\/wp\/v2\/pages\/15903\/revisions"}],"predecessor-version":[{"id":15968,"href":"https:\/\/berghotellangis.ch\/index.php?rest_route=\/wp\/v2\/pages\/15903\/revisions\/15968"}],"up":[{"embeddable":true,"href":"https:\/\/berghotellangis.ch\/index.php?rest_route=\/wp\/v2\/pages\/15901"}],"wp:attachment":[{"href":"https:\/\/berghotellangis.ch\/index.php?rest_route=%2Fwp%2Fv2%2Fmedia&parent=15903"}],"curies":[{"name":"wp","href":"https:\/\/api.w.org\/{rel}","templated":true}]}}

<p>[vc_row css_animation=&#8220;&#8220; row_type=&#8220;row&#8220; use_row_as_full_screen_section=&#8220;no&#8220; type=&#8220;full_width&#8220; angled_section=&#8220;no&#8220; text_align=&#8220;left&#8220; background_image_as_pattern=&#8220;without_pattern&#8220; padding_top=&#8220;15&#8243; padding_bottom=&#8220;30&#8243;][vc_column][vc_column_text]</p>
<h1 style="text-align: center;">Im Sommer können Sie bei uns&#8230;</h1>
<p>[/vc_column_text][vc_separator type=&#8220;small&#8220; position=&#8220;center&#8220;][vc_column_text]</p>
<h4 style="text-align: center;">&#8230; spazieren, wandern, biken, grillieren, Pilze suchen und vieles mehr.</h4>
<p>[/vc_column_text][/vc_column][/vc_row][vc_row css_animation=&#8220;&#8220; row_type=&#8220;row&#8220; use_row_as_full_screen_section=&#8220;no&#8220; type=&#8220;full_width&#8220; angled_section=&#8220;no&#8220; text_align=&#8220;left&#8220; background_image_as_pattern=&#8220;without_pattern&#8220;][vc_column][vc_gallery type=&#8220;image_grid&#8220; images=&#8220;15969,15970,15971,15972,15973,15974,15975,15976,15977&#8243; img_size=&#8220;full&#8220; column_number=&#8220;3&#8243; grayscale=&#8220;yes&#8220; images_space=&#8220;gallery_without_space&#8220;][/vc_column][/vc_row][vc_row css_animation=&#8220;&#8220; row_type=&#8220;row&#8220; use_row_as_full_screen_section=&#8220;no&#8220; type=&#8220;full_width&#8220; angled_section=&#8220;no&#8220; text_align=&#8220;left&#8220; background_image_as_pattern=&#8220;without_pattern&#8220; padding_top=&#8220;15&#8243; padding_bottom=&#8220;15&#8243;][vc_column][vc_column_text]Landschaftsbilder Martin Meier[/vc_column_text][vc_empty_space][/vc_column][/vc_row][vc_row css_animation=&#8220;&#8220; row_type=&#8220;row&#8220; use_row_as_full_screen_section=&#8220;no&#8220; type=&#8220;full_width&#8220; angled_section=&#8220;no&#8220; text_align=&#8220;left&#8220; background_image_as_pattern=&#8220;without_pattern&#8220; padding_top=&#8220;25&#8243; padding_bottom=&#8220;25&#8243;][vc_column width=&#8220;1/2&#8243;][vc_column_text]</p>
<h4>Der grosse Parkplatz beim Berghotel Langis ist der Ausgangspunkt für viele atemberaubende Wanderungen.</h4>
<p>[/vc_column_text][vc_row_inner row_type=&#8220;row&#8220; type=&#8220;full_width&#8220; text_align=&#8220;left&#8220; css_animation=&#8220;&#8220;][vc_column_inner][vc_column_text]</p>
<p>[/vc_column_text][/vc_column_inner][vc_column_inner][vc_empty_space][/vc_column_inner][/vc_row_inner][vc_column_text]</p>
<h2></h2>
<h2></h2>
<h2>Moorbärpfad</h2>
<p>Geniessen Sie Ihren Aufenthalt in der Moorlandschaft Glaubenberg.<br />
Der Moorbäer wird Sie auf Ihrer Entdeckungsreise begleiten&#8230;</p>
<p><a href="http://www.moorbaerpfad.ch" target="_blank" rel="noopener noreferrer">Zum Moorbärpfad</a>[/vc_column_text][/vc_column][vc_column width=&#8220;1/2&#8243;][vc_single_image image=&#8220;16285&#8243; img_size=&#8220;medium&#8220; onclick=&#8220;custom_link&#8220; img_link_target=&#8220;_blank&#8220; qode_css_animation=&#8220;&#8220; link=&#8220;http://moorbaerpfad.ch&#8220;][/vc_column][/vc_row][vc_row css_animation=&#8220;&#8220; row_type=&#8220;row&#8220; use_row_as_full_screen_section=&#8220;no&#8220; type=&#8220;full_width&#8220; angled_section=&#8220;no&#8220; text_align=&#8220;left&#8220; background_image_as_pattern=&#8220;without_pattern&#8220;][vc_column width=&#8220;1/2&#8243;][vc_column_text][/vc_column_text][vc_row_inner row_type=&#8220;row&#8220; type=&#8220;full_width&#8220; text_align=&#8220;left&#8220; css_animation=&#8220;&#8220;][vc_column_inner][vc_column_text]</p>
<h2>Langis &#8211; Jänzi &#8211; Jänzitrail</h2>
<p>Die beliebte Rundtour vom Langis auf das Jänzi und wieder zurück zu uns. Geniessen Sie die eindrückliche Landschaft egal zu welcher Jahreszeit und Geheimtipp! Tourendetails finden Sie <a href="https://www.obwalden-tourismus.ch/de/detail/poitype/outdooractivetour/poi/jaenzi-panorama-trail/">hier</a>.[/vc_column_text][vc_empty_space][vc_column_text]</p>
<h2>Langis &#8211; Fürstein</h2>
<p>Eine wunderschöne Rundwanderung vom Langis auf den grossen Fürstein und zurück. Genauere Info&#8217;s finden sie<a href="https://www.obwalden-tourismus.ch/de/detail/poitype/outdooractivetour/poi/fuerstein-langis-1/"> hier.</a>[/vc_column_text][vc_empty_space][/vc_column_inner][vc_column_inner][/vc_column_inner][/vc_row_inner][vc_row_inner row_type=&#8220;row&#8220; type=&#8220;full_width&#8220; text_align=&#8220;left&#8220; css_animation=&#8220;&#8220;][vc_column_inner][vc_column_text]</p>
<h2>Langis &#8211; Miesenstock &#8211; Langis</h2>
<p>Ein Geheimtipp unter den Wanderer, wunderbare Aussicht auf die umliegende Bergwelt, genauere Details zur Route finden Sie <a href="https://www.obwalden-tourismus.ch/de/detail/poitype/outdooractivetour/poi/langis-miesenstock-langis/">hier. </a>[/vc_column_text][vc_empty_space][/vc_column_inner][/vc_row_inner][vc_row_inner row_type=&#8220;row&#8220; type=&#8220;full_width&#8220; text_align=&#8220;left&#8220; css_animation=&#8220;&#8220;][vc_column_inner][vc_column_text]</p>
<h2>Obwaldner Höhenweg Langis &#8211; Pilatus</h2>
<p>Der beliebte Obwaldner Höhenweg führt auch beim Langis vorbei. Das beliebte Teilstück Langis &#8211; Pilatus ist eine längere Strecke, man wird aber mit einer atemberaubenden Aussicht belohnt. Tourendetails findest du <a href="https://www.obwalden-tourismus.ch/de/detail/poitype/outdooractivetour/poi/hoehenroute-langis-pilatus/">hier. </a>[/vc_column_text][vc_empty_space][/vc_column_inner][/vc_row_inner][vc_empty_space][vc_empty_space][/vc_column][vc_column width=&#8220;1/2&#8243;][/vc_column][/vc_row]</p>
